is 1329 - 0?
1329
In base 15, what is 8 + d5?
dd
In base 7, what is -10 - -52?
42
In base 11, what is -18 - -126?
109
In base 6, what is -45431 - -2?
-45425
In base 9, what is -1 - 803?
-804
In base 7, what is -4 + 14634?
14630
In base 16, what is 4 + 38e?
392
In base 16, what is 11c + 2?
11e
In base 14, what is 7 - -70?
77
In base 11, what is 15 - -43?
58
In base 10, what is -28 - -7?
-21
In base 7, what is -5001 + -3?
-5004
In base 14, what is 4 + -2a?
-26
In base 16, what is 8 - -7?
f
In base 10, what is 16 - 6?
10
In base 3, what is -2 - -1101102?
1101100
In base 10, what is 172 - 4?
168
In base 9, what is -2 + -2277?
-2280
In base 13, what is 18 - -19?
34
In base 6, what is -515041 - 5?
-515050
In base 2, what is -11000 - 110111001?
-111010001
In base 2, what is -11001 + -1001?
-100010
In base 8, what is -5 - 3502?
-3507
In base 8, what is 154 + -1?
153
In base 5, what is -2 + -43132?
-43134
In base 16, what is -18a + -1e?
-1a8
In base 7, what is 1 - 12564?
-12563
In base 9, what is -2 + 1561?
1558
In base 7, what is -4 + 461?
454
In base 15, what is 54 - -1?
55
In base 11, what is 193 + 5?
198
In base 14, what is -2 - 11b3?
-11b5
In base 3, what is 10 - 112022?
-112012
In base 16, what is 11 - a3?
-92
In base 14, what is 1260 + 2?
1262
In base 8, what is 0 - 622?
-622
In base 12, what is 1747 + -2?
1745
In base 13, what is 3 + -95?
-92
In base 9, what is -28 - -220?
181
In base 4, what is 113332 + -11?
113321
In base 6, what is 4001 - -2?
4003
In base 2, what is -10000 - 1101?
-11101
In base 10, what is 4 + 59?
63
In base 16, what is -253 + -6?
-259
In base 11, what is 6 + -86?
-80
In base 15, what is 4 + 49?
4d
In base 7, what is -6 - -54?
45
In base 15, what is 277 - 5?
272
In base 10, what is -1 + 1638?
1637
In base 6, what is 15 - -302?
321
In base 10, what is -167 + -2?
-169
In base 11, what is 1 - -886?
887
In base 2, what is 0 + 10110101?
10110101
In base 8, what is -1 + 1423?
1422
In base 5, what is 101 - -3?
104
In base 16, what is 2 + 347?
349
In base 6, what is 41 + -22?
15
In base 6, what is 1 - 13250?
-13245
In base 5, what is 24 - -100?
124
In base 15, what is -5 + -3c?
-42
In base 5, what is -4 - 4034?
-4043
In base 2, what is -110010101 - 11?
-110011000
In base 9, what is -2 - 3310?
-3312
In base 4, what is -3 + 10211?
10202
In base 7, what is 345 - -105?
453
In base 14, what is -1 + -d?
-10
In base 16, what is 1 + 58a?
58b
In base 3, what is -10 - 111100?
-111110
In base 14, what is -5 + 40d?
408
In base 16, what is -1a - -d7?
bd
In base 11, what is 1a22 - 0?
1a22
In base 12, what is 32a - 18?
312
In base 14, what is -7 + -9?
-12
In base 5, what is -204 - 244?
-1003
In base 10, what is -1 - -21?
20
In base 16, what is 3 - -28?
2b
In base 4, what is 220 - -21?
301
In base 12, what is 27874 + -1?
27873
In base 5, what is 4 - -303?
312
In base 13, what is -1 + 4c?
4b
In base 8, what is 344 - 2?
342
In base 2, what is -100010 - 0?
-100010
In base 10, what is 3071 - 0?
3071
In base 4, what is 10320 + 22?
11002
In base 5, what is -133 - -142?
4
In base 7, what is 22 - -22?
44
In base 13, what is -a + -3bb?
-3c8
In base 2, what is 101 - 1001110?
-1001001
In base 10, what is 57 - -8?
65
In base 11, what is 72 - 46?
27
In base 4, what is -121 - 2?
-123
In base 16, what is -10a0 + -2?
-10a2
In base 14, what is -22 + 3d8?
3b6
In base 2, what is -1011010 + -100?
-1011110
In base 4, what is -131001 - 10?
-131011
In base 3, what is 12200 - 2211?
2212
In base 13, what is -25a + 35?
-225
In base 16, what is 5 - 91c?
-917
In base 5, what is 243021 - 1?
243020
In base 3, what is -100 + 10000?
2200
In base 14, what is 4 + 1?
5
In base 9, what is 54 - -1?
55
In base 15, what is -3a9 - 4?
-3ad
In base 2, what is 11000010 + -10111?
10101011
In base 2, what is -1110010 - 1101100?
-11011110
In base 13, what is -3b33 + -5?
-3b38
In base 12, what is -424 - -5?
-41b
In base 14, what is -256a + -4?
-2570
In base 5, what is 1 + -3012?
-3011
In base 5, what is -4101 - 4?
-4110
In base 8, what is -27 - -217?
170
In base 12, what is 2a - 4?
26
In base 15, what is -8 - -237?
22e
In base 7, what is 66 - 432?
-333
In base 5, what is -20 - 3?
-23
In base 11, what is 4a - -3?
52
In base 7, what is -35 + -1?
-36
In base 9, what is 1404 - -2?
1406
In base 14, what is -3 - -32?
2d
In base 15, what is -255 + -7?
-25c
In base 7, what is 12 + -5?
4
In base 15, what is -8 - -38?
30
In base 6, what is -30 - -2304?
2234
In base 10, what is -4 + -93?
-97
In base 9, what is 20 - -67?
87
In base 13, what is 576 - -5?
57b
In base 3, what is -20212 - 111?
-21100
In base 12, what is 3 - 20?
-19
In base 11, what is -28 - 214?
-241
In base 8, what is -4 - -71?
65
In base 3, what is 2 + 100222122?
100222201
In base 9, what is -4 + -34?
-38
In base 6, what is -42 - -3?
-35
In base 9, what is -84 - -2?
-82
In base 6, what is -14 - -2?
-12
In base 10, what is 1 - -1184?
1185
In base 8, what is 1 + 223?
224
In base 15, what is -1c3 - c?
-1d0
In base 4, what is 10203 + 2?
10211
In base 14, what is 12a + 43?
16d
In base 12, what is 0 + 39?
39
In base 15, what is -51 - -1a?
-36
In base 3, what is -10120111 + -10?
-10120121
In base 7, what is 24 - -4230?
4254
In base 8, what is 2 - 137?
-135
In base 3, what is 2 + 20011?
20020
In base 3, what is -2 - 1112?
-1121
In base 10, what is 18 + -48?
-30
In base 10, what is 159 + -7?
152
In base 2, what is 10 - 1100111100?
-1100111010
In base 13, what is -3a3 - -4?
-39c
In base 7, what is 2 - 1430?
-1425
In base 7, what is -206 - 4?
-213
In base 13, what is 3 - -150?
153
In base 4, what is -11 + -230131?
-230202
In base 4, what is -3100223 + 2?
-3100221
In base 7, what is 622 + -2?
620
In base 14, what is -266 - -4?
-262
In base 5, what is -1314 + 10?
-1304
In base 8, what is -2502 + -7?
-2511
In base 11, what is 7 + 112?
119
In base 15, what is -2 - ae9?
-aeb
In base 8, what is 5 + 526?
533
In base 14, what is -13 - 4?
-17
In base 15, what is -c56 - -1?
-c55
In base 9, what is -4 + 317?
313
In base 16, what is 2 - 19c?
-19a
In base 6, what is 30 - 2501?
-2431
In base 9, what is 173 - -263?
446
In base 14, what is 17 + -48?
-31
In base 16, what is -7 + -18?
-1f
In base 7, what is 3 + 101?
104
In base 16, what is c + -b?
1
In base 10, what is -21 + -136?
-157
In base 16, what is -1 - -47c?
47b
In base 6, what is 5 - -1303?
1312
In base 16, what is -ff + -d?
-10c
In base 8, what is -4 - -375?
371
In base 12, what is -1063 + 4?
-105b
In base 3, what is -10 - 1112?
-1122
In base 4, what is -111 - 131?
-302
In base 4, what is 3 + 2201?
2210
In base 8, what is -3 - -133?
130
In base 2, what is -1011001100111 + -10?
-1011001101001
In base 15, what is 915 - -3?
918
In base 3, what is -200 + -2120?
-10020
In base 5, what is -10341 + 13?
-10323
In base 13, what is 121 + 5?
126
In base 13, what is 1 + -1?
0
In base 9, what is 5 + 8?
14
In base 12, what is 22 - 44?
-22
In base 8, what is -5 + 700?
673
In base 3, what is -12 + 1002?
220
In base 12, what is 7 - 2428?
-2421
In base 6, what is 3 + -35?
-32
In base 8, what is -6 - 343?
-351
In base 10, what is -2 - -345?
343
In base 2, what is -10010101 - 101?
-10011010
In base 13, what is 18 - 3?
15
In base 4, what is 30122 + -12?
30110
In base 11, what is -9a3 - 2?
-9a5
In base 13, what is -17 + 9c?
85
In base 4, what is -1100 - 0?
-1100
In base 10, what is 25 - 138?
-113
In base 9, what is 12 + -174?
-162
In base 12, what is a5b + -4?
a57
In base 14, what is 200 + -2?
1dc
In base 10, what is 4 - 15?
-11
In base 14, what is -6b9 - -1?
-6b8
In base 2, what is -10101100 + -10?
-10101110
In base 6, what is -151 + -5?
-200
In base 16, what is bf1 + 5?
bf6
In base 10, what is 0 + -71?
-71
In base 9, what is 4220 + 1?
4221
In base 3, what is 10 - 201110?
-201100
In base 8, what is -121 + 53?
-46
In base 15, what is -2 + e2?
e0
In base 7, what is 444 - -104?
551
In base 15, what is -74 - -4?
-70
In base 13, what is -74 - -1?
-73
In base 5, what is -41 - -1324?
1233
In base 4, what is -3 - -2333?
2330
In base 2, what is -1000 - -101?
-11
In base 9, what is 11 + -15?
-4
In base 15, what is 6d - 0?
6d
In base 7, what is 20 - 6?
11
In base 3, what is -120 - -11?
-102
In base 15, what is -3 - -57?
54
In base 5, what is -4 - 313?
-322
In base 16, what is 4 - -567?
56b
In base 8, what is 150 - -5?
155
In base 5, wh